 Determine s(4).
9
Suppose -32 = -3*v + 7*v. Let y be (-5)/(-1) + -1 + 1. Let k = v + y. Let b(h) = h + 6. Give b(k).
3
Let b(x) be the second derivative of -x**3/6 + 3*x**2 - 2*x. Let m be b(6). Let q(g) = -g + 15. Calculate q(m).
15
Let x(q) be the third derivative of q**2 - 1/3*q**3 - 1/24*q**4 + 0*q + 0. Let w(o) = o**3 - 4*o**2 + o + 4. Let y be w(3). Determine x(y).
0
Let w = 51 + -54. Let n(g) = 3*g. Determine n(w).
-9
Let f = 21 + -19. Let m(v) = -f + 0 - 2*v + 4. Let w(a) = a**3 + 5*a**2 + 6*a + 4. Let b be w(-4). Calculate m(b).
10
Let c(q) = -q**2 + 3 + 0 - 5 + 4*q. What is c(4)?
-2
Let u = -60 - -28. Let h be 4/(u/(-10))*16. Suppose -h = -w - 3*w. Let l(z) = -z**2 + 5*z. Determine l(w).
0
Let k(d) be the first derivative of d**2 - 3*d + 6. Calculate k(-3).
-9
Let i(c) = -c + 2 + 8 - 13 + 6. What is i(6)?
-3
Let o be -5 - (-12 - 3) - 4. Let s(w) = -w + 1. Calculate s(o).
-5
Let h(t) = 2*t**3 + 2*t**2 + 2*t - 1. Suppose 4*y - 1 + 9 = 0. Determine h(y).
-13
Suppose -2*h - 5 = 4*x + 5, 0 = h - x - 10. Let b(q) = 4 - 3*q + h*q - q - 1. Suppose -o = -2*g - g - 3, -2*o = 5*g - 6. Calculate b(g).
3
Let r(p) = -p**2 - p + 1. Let w be ((-4)/6)/((-6)/9). Let u(n) = -n**2 + 1. Let x be u(w). Let i = -2 + x. What is r(i)?
-1
Let i(r) be the third derivative of r**9/60480 - r**8/4032 + r**5/20 + 7*r**2. Let g(n) be the third derivative of i(n). Give g(5).
0
Let j = 29 - 37. Let w(p) = p**2 + 11*p + 12. Give w(j).
-12
Suppose -9 + 3 = 3*i. Let q(d) = d**2 + 4*d + 1. Calculate q(i).
-3
Let i(l) be the third derivative of -l**4/8 - 8*l**2. What is i(-3)?
9
Let l(n) = -2 - 2 - 7*n - 32*n**2 + 31*n**2. What is l(-4)?
8
Suppose -8*d + 7*d - 1 = -i, -2*d + 6 = 0. Let q(l) be the first derivative of 3*l - i + 5/2*l**2 - 1/3*l**3. Give q(6).
-3
Let u(f) be the third derivative of -f**4/8 + f**3 - 26*f**2. What is u(4)?
-6
Let r(w) = -w**2 - w + 2. Let i(p) = 3*p**2 + 3*p - 7. Let t(u) = 2*i(u) + 7*r(u). Calculate t(0).
0
Let t = 4 + -6. Let i(s) = -s**3 + 3*s**2 + s + 2. Let f(m) = -m**3 + m**2 + m. Let g(j) = t*f(j) + i(j). Determine g(2).
12
Let n(c) = 10*c**3 - 2*c**2 + 11*c - 9. Let r(g) = 5*g**3 - g**2 + 6*g - 5. Let w(z) = -6*n(z) + 11*r(z). Determine w(1).
-5
Let n(s) = -s**3 + 6*s**2 - 2*s + 6. Let x be n(6). Let z = x - -3. Let r(w) = w**2 + 3*w + 7 - 12 + 8. What is r(z)?
3
Let t(g) be the third derivative of g**7/2520 + g**6/240 - g**5/20 - 2*g**2. Let z(d) be the third derivative of t(d). What is z(-5)?
-7
Let q(y) = y**2 - 2*y + 1. Suppose 2*t + 4 = -3*i - 5, i = 2*t - 11. What is q(t)?
4
Let r = 12 + -6. Let a(v) = -v - 5. Calculate a(r).
-11
Suppose 0 = 4*g + 5*c + 13, c + 1 = 0. Let k = g + 1. Let b(p) = -6*p**3 - 2*p - 1. Determine b(k).
7
Let q = -2 + -2. Let h(s) = s**3 + 3*s**2 - 5*s + 3. Calculate h(q).
7
Let n = 16 - 12. Let w(f) = f**2 - 6*f + 5. Calculate w(n).
-3
Suppose 24 = -p + 76. Suppose -5*h + 6*u = 2*u - p, 3*h = -3*u + 15. Let b = -5 + h. Let i(d) = -d. Determine i(b).
-3
Let x(z) = 13*z**3 + 8*z**2 - 19*z + 3. Let q(n) = -7*n**3 - 4*n**2 + 10*n - 1. Let b(i) = 11*q(i) + 6*x(i). Give b(-5).
2
Suppose 0*k = 4*c + 3*k - 20, 0 = 3*k - 12. Let m = c + 4. Let s(l) = -l + 8. Give s(m).
2
Suppose 4*c = -2*n + 3*n + 7, 4*c = -n + 9. Let l be (0 + -6)*(n + 0). Let a(k) = 2*k + 9. What is a(l)?
-3
Suppose -v = f - 4*f - 10, -2*v + 4*f + 14 = 0. Let m(g) be the first derivative of g**3/2 - g + 2. Let c(p) be the first derivative of m(p). Give c(v).
3
Let b(l) = l**3 - 4*l**2 - 6*l + 3. Let r be b(6). Suppose 5*g = 4*h + 6 + r, 3*g - 35 = 4*h. Let u(v) = 2*v - 5. Calculate u(g).
5
Let b(n) = -4*n**2 + 1. Let f be b(1). Let w be (-3)/(-2)*(-2)/f. Let v(t) be the second derivative of -t**4/3 - t**2/2 + 4*t. Calculate v(w).
-5
Suppose 4*n + i + 2 = 0, 2*i = 3*n - 0*i - 4. Let u(c) = -c - 6. Calculate u(n).
-6
Let z(n) = n**3 - 6*n**2 - 8*n + 10. Let c be z(7). Let y(f) = f**3 - 3*f**2 - 4. Calculate y(c).
-4
Let j(c) = -3*c + 20. Let t(q) = 2*q - 13. Let u(z) = -5*j(z) - 8*t(z). Let r = -33 + 29. Determine u(r).
8
Let g(i) = 2*i + 3 - i + 14 - 2. Give g(-12).
3
Let p(h) = -4*h + 2. Let z(w) = -6*w + 12 - w**2 - 2*w + 0*w. Let x be z(-9). Let t = -1 + x. Determine p(t).
-6
Let h be -2*((-15)/6)/(-5). Let k(m) = -18*m**3 - 2*m**2 - m. Give k(h).
17
Let r(n) = 4*n**2 - 2*n - 2. Let b(k) = 3*k**2 - k - 2. Let v be -2*(-3)/(-6)*2. Let h be (-28)/(-4) + 4/v. Let i(x) = h*b(x) - 4*r(x). What is i(4)?
-6
Suppose 5*k - v - 34 = 3*v, -5*k + 62 = 3*v. Suppose -7*q = -2*q - k. Let l(t) = -6*t**3 - 1 - t**2 - 2*t + 2*t**q + 0*t**2 + t. What is l(-1)?
7
Let b(y) = 6*y**2 - 3*y + 5. Let u(l) = l**2 - l + 1. Let w(j) = b(j) - 4*u(j). Determine w(2).
11
Let z(j) = -3*j + 1. Let s be z(1). Let d = 3 + -5. Let c be (4 + d)/s + -2. Let i(k) = 2*k + 1. Give i(c).
-5
Let w = 9 - 5. Suppose -4*z - 3*g = -0*g - 8, g - w = -2*z. Suppose z = 4*n - 6*n. Let u(x) = -3*x**2 + 2*x + 1. What is u(n)?
-4
Let g(q) = 6 + 0 - 7 - 21*q**2 - q. Determine g(-1).
-21
Suppose 0 = 3*j - 2*j + 2. Let p(o) = o. Let y(z) = -4*z - 1. Let k(x) = -4*p(x) - 2*y(x). Determine k(j).
-6
Let d(b) = -b + 4. Let o be d(6). Let p(l) = -2*l - 5*l**2 + 1 + 3 - 5 + 2. What is p(o)?
-15
Let m(n) = -2*n**2 - 5*n + 3. Suppose 10*z = -36 - 4. Calculate m(z).
-9
Suppose -10*d - 1 = -11. Let q(x) = -15*x**3 - x**2 + x. What is q(d)?
-15
Suppose 0 = 2*b + 8 - 14. Let p(z) = -z**3 + 2*z**3 - 2*z**3 + 1 + 5*z**2 - 3*z. Determine p(b).
10
Suppose 9*s + 15 = 4*s. Let l(n) = -n**2 + n. What is l(s)?
-12
Let g(t) = t**2 - 10*t + 9. Let p be g(9). Let y(k) be the first derivative of -2 + p*k**2 + 0*k - 1/4*k**4 + 0*k**3. Give y(0).
0
Let p(u) = u + 4. Let x(j) = -2*j**2 + 3*j + 5. Let q be x(4). Let n = -11 - q. Calculate p(n).
8
Let k(b) be the third derivative of b**6/120 + b**5/12 - b**4/3 - 4*b**3/3 - 12*b**2 + 2. What is k(-6)?
4
Let w(y) = -y**2 - 2*y + 42. Let o be w(6). Suppose -2 - 2 = -2*b. Let v(s) = s + 6 + b - 2. Determine v(o).
0
Let y(w) be the first derivative of w**2 - 8 - 1/3*w**3 - w. Calculate y(3).
-4
Suppose y = 2*a - 4*y - 13, -3*a - 3*y + 9 = 0. Let l(w) = -w**2 + 3*w. Give l(a).
-4
Let o(t) = 2*t + 8. Let s(d) be the third derivative of -d**4/12 - 3*d**3/2 - 4*d**2. Let z(q) = 5*o(q) + 4*s(q). Determine z(-3).
-2
Let v(u) = -u**3 + 8*u**2 - 5*u - 10. Suppose -3*k + b + 18 = 2*b, -2*b = 4*k - 22. What is v(k)?
4
Let k(x) be the second derivative of x**3/2 - x**2 - x. Let t(b) = -4*b + 3. Let y(c) = 2*c - 10. Let i be y(6). Let s(p) = i*t(p) + 3*k(p). Determine s(4).
4
Let j(h) = h. Let y(i) = -i**3 - 3*i**2 - 4*i + 2. Suppose -4*v + 14 = -5*f, -4*v - 2 + 12 = -3*f. Let w(z) = f*j(z) - y(z). Calculate w(-3).
-8
Suppose 2*x = 5*a - 21, 2*a + 2*x = -x - 3. Suppose -4*r - 24 = 2*y, -a*r - 6 = -2*r - 3*y. Let z(v) = -v**3 - 7*v**2 - 7*v + 2. What is z(r)?
8
Let u(c) = 2*c. Let a(k) = 2*k + 32. Let n be a(-14). Give u(n).
8
Let c be (-1)/1 + (0 - 2). Let x = 1 - c. Let o(d) = 2*d - x - 2*d**3 - 5*d**2 + 0*d + 3*d**3. What is o(5)?
6
Let p(o) = -1 - 2*o**2 - 2 + 3*o - 5*o**2 + 6*o**2. Calculate p(3).
-3
Let k = 2 + -1. Let c(t) = 0 - 2 + k + t + t**2. Give c(-3).
5
Let h(d) = d + 8. Let c be 30/(-4) + (-2)/(-4). Let g be h(c). Let p(t) = -7*t**3 - t**2 + 2*t - 1. Calculate p(g).
-7
Let c(v) = 4*v**2 - 3*v + 1. Let y(b) = -7*b**2 + 5*b - 1. Let n(h) = -5*c(h) - 3*y(h). Let i be (-80)/24 + 4/(-6). Give n(i).
14
Let t(g) = -2*g**3 + 2*g**2 + 3. Let f(n) = n**3 - n**2 - n - 1. Let m(r) = f(r) + t(r). Let i be -1 + -2 + -2 + 3. Let z be (-1 - -1)/(1 + i). Give m(z).
2
Let a(t) be the second derivative of -t**3/6 + t**2/2 + 2*t. Let w be a(1). Let h(j) = j**2 + j + 5. Determine h(w).
5
Suppose 0 = -4*y + 19 + 5. Let o be (y/1)/(9/6). Suppose 4*z = -0 + o. Let v(t) = 4*t**3 - t**2 + 1. Calculate v(z).
4
Let u(o) = -o**2 - 1. Let h = 11 - 13. Let r(j) = -j**3 + 5*j**2 + 3*j + 4. Let b(q) = h*u(q) - r(q). Give b(4).
2
Let v(h) be the second derivative of h**7/1260 - h**6/360 + h**5/60 + h**4/2 - 10*h. Let a(t) be the third derivative of v(t). Determine a(2).
6
Let h(w) = -2*w - 5. Let v(d) be the second derivative of -d**5/20 - d**4/2 + d**3/6 - 2*d**2 + d. Let l be v(-6). Let g = l + 5. Determine h(g).
5
Let p(c) = -9*c + 1. Let i(z) = -5*z. Let s(a) = -7*i(a) + 4*p(a). What is s(-6)?
10
Let x